7. Let r = h - s. List the prime factors of r.
3, 7
Let s = 480 - 51. List the prime factors of s.
3, 11, 13
Suppose -3*a - 19 = -a + 3*j, -5*j = -a + 23. Let k = 50 - 77. Let p = a - k. List the prime factors of p.
5
Let h(j) be the first derivative of j**2/2 + 9*j + 1. Let x be h(6). List the prime factors of x/25 - 114/(-10).
2, 3
Let k(i) = 109*i**2 - 24*i + 33. What are the prime factors of k(3)?
2, 3, 157
Let b be (-12)/36 + (9196/6)/2. Let k = -535 + b. What are the prime factors of k?
3, 7, 11
Let o(z) = -3 + 2 + z + 1 - 5. Let u be o(9). Suppose 3*v + 5*s = 74, 5*v - s - u*s = 70. List the prime factors of v.
2, 3
Let d(z) = -z - 1. Let m(g) = -16*g + 2. Let r(n) = 2*d(n) - m(n). List the prime factors of r(5).
2, 3, 11
Suppose -2*k - 4 = 0, 212 = g + 3*k - 372. List the prime factors of g.
2, 5, 59
Suppose -4*t - 3*l + 1509 = -0*t, 4*t - l - 1497 = 0. List the prime factors of t.
3, 5
Let p be (-4)/18 + (-860)/18. Let m = p - -114. Suppose -142 = -3*h + z, 0 = -h - 4*z + m + 3. List the prime factors of h.
7
Let t = -24 + 123. What are the prime factors of t?
3, 11
Suppose -3*p + 2420 = 5*l, 5*l - 17*p = -13*p + 2385. List the prime factors of l.
13, 37
Suppose -19*s + 34 = -61. What are the prime factors of (6 - s) + 1*174?
5, 7
List the prime factors of 40/25 + (-19004)/(-10).
2, 3, 317
Let u = -29 + 12. Let i(t) = -5*t - 8. What are the prime factors of i(u)?
7, 11
Suppose 4*b = -u + 3*u - 32, 4*b - u + 36 = 0. What are the prime factors of (-6)/((-48)/b)*-108?
3, 5
Let y be (3 - 2)/((-2)/48). Let p = y + 59. What are the prime factors of p?
5, 7
Let j(f) be the third derivative of -f**3 + 4*f**2 + 0*f + 0 - 1/24*f**4. What are the prime factors of j(-9)?
3
What are the prime factors of 2/6*-1 + 98050/111?
883
Let q(u) = -6*u**2 - 11*u + 40. Let p be q(-11). What are the prime factors of p/(-3) - 14/(-21)?
3, 7
Let f = 85 - 74. Suppose 0 = 29*o - f*o - 4518. List the prime factors of o.
251
Let y(m) = 4*m**2 - m - 13. What are the prime factors of y(-12)?
5, 23
Suppose -8*n + 19 = -29. Suppose 0*y + n*y = 24. Suppose 2*x = y*x - 156. What are the prime factors of x?
2, 3, 13
Suppose -c = -3*c + 4. Suppose 0 = -l - c*j + 8, -2*j = 3 + 5. What are the prime factors of l?
2
List the prime factors of (1589/(-14))/(1/(-6)*1).
3, 227
Let x(c) = -c**3 + 371. What are the prime factors of x(0)?
7, 53
Let p = -900 - -3835. List the prime factors of p.
5, 587
Let i = 45 - 42. Suppose 0 = -5*r - i*c - c + 974, 0 = 2*r + 3*c - 384. List the prime factors of r.
2, 3, 11
Let s(c) = -6*c. Let k be s(-2). Suppose 2*i = -0*i, 5*i = 3*z + k. Let n(u) = 2*u**2 - 3*u - 8. List the prime factors of n(z).
2, 3
Suppose -13 = 4*k - 21. Suppose 27 = 5*p + w - 2*w, k*p = -3*w + 21. What are the prime factors of p?
2, 3
Let g be 405/75 - 4/10. Suppose g*x = x + 216. What are the prime factors of x?
2, 3
Let x = 28 + -12. Suppose -3*f - 6*y - 52 = -2*y, 3*f - 5*y = -x. Let m = f - -32. List the prime factors of m.
2, 5
Suppose -3*c - 326 = c + 2*l, 3*l - 413 = 5*c. Let f = c - -233. What are the prime factors of f?
151
What are the prime factors of (-9819)/(-2) + 76/8 + -10?
4909
Let k = 46 - 44. Suppose -5*f + m - 5*m + 401 = 0, m + 163 = k*f. List the prime factors of f.
3
Let g be (-4)/(-14) + (-702)/(-189). Let y = -2 - -4. Suppose -g*a + 80 = -y*a. What are the prime factors of a?
2, 5
Let b = 25 + -19. Suppose 3*h - o - 20 = b*h, 5 = -2*h + o. List the prime factors of 4 - 0 - (h + 0).
3
Suppose -5*s = -10 - 90. What are the prime factors of -20*(-2 + (-5)/s)?
3, 5
Suppose -5*s - 25 + 165 = 0. Suppose -o + 0*k = -2*k - s, -5*o = k - 107. What are the prime factors of o?
2, 11
Suppose -5*q + 598 = 2*f, -2*f + 436 = -4*q - 126. What are the prime factors of f?
17
Let s(g) be the third derivative of -5*g**4/12 + 15*g**2. List the prime factors of s(-5).
2, 5
Let o(z) = 334*z - 2. Let v be o(-1). Let y = -861 + v. What are the prime factors of 2/(7/(y/(-6)))?
3, 19
Let c(t) = 2*t**2 - 10*t + 4. Let l(j) be the third derivative of 5*j**4/24 - j**3/2 + 4*j**2. Let k be l(2). List the prime factors of c(k).
2
Suppose 0*m + 214 = 2*m. Suppose -160 - m = -3*j. List the prime factors of j.
89
Let h be (30/(-4) - -2)*2. What are the prime factors of (-255)/h - (-6)/(-33)?
23
Let s(z) = 370*z - 794. List the prime factors of s(13).
2, 251
Suppose -4*a = -a + 540. Let y = a + 289. List the prime factors of y.
109
What are the prime factors of 3108/(-14)*(-1)/2?
3, 37
Suppose 2*d - x = -0*d, 4*x - 24 = -4*d. Suppose 2*m - 5*t - 76 = 0, d*t + t = -3*m + 72. List the prime factors of m.
2, 7
Suppose -15*h = h + 23872. What are the prime factors of -1*h/10 + (-4)/20?
149
Suppose 39*c + 4646 = 59519. List the prime factors of c.
3, 7, 67
Let y(n) = n**3 + n**2 - 6*n + 119. What are the prime factors of y(0)?
7, 17
Let f(c) = c**2 - 15*c - 6. Let r be f(16). Suppose -260 = -r*s + 5*s. List the prime factors of s.
2, 13
Let k(t) = -563*t - 213. List the prime factors of k(-2).
11, 83
Suppose -5*b + 2*v = -v - 1580, v + 1271 = 4*b. What are the prime factors of b?
11, 29
Let p(g) = g - 7. Let c be p(7). What are the prime factors of -2 + 2 + (37 - (c - 0))?
37
Suppose 0 = -5*g - 4*r + 12 + 4, 3*r + 7 = g. What are the prime factors of 2/g + 63/14?
5
Let j(f) = 18*f**2 + 8*f + 44. What are the prime factors of j(-6)?
2, 7, 23
Let p = 34 - 18. Let i be -3 - (0 - -15)*(0 - 1). Let n = i + p. List the prime factors of n.
2, 7
Suppose -q = -2*o + 82 - 24, 3*o + q - 92 = 0. Let p = 132 - o. List the prime factors of p.
2, 3, 17
Let j = -1 + 5. Let n(u) = 19*u - 7. What are the prime factors of n(j)?
3, 23
Let v be (-8)/(-44) - (-1538)/11. Suppose j = -3*j + v. What are the prime factors of j?
5, 7
Suppose -27*a = -0*a - 28701. What are the prime factors of a?
1063
Let m(r) = 21*r**2 + 34*r + 222. List the prime factors of m(-10).
2, 991
Let x = -12 + 17. Let t(j) = j**3 - 4*j**2 + 4*j - 4. What are the prime factors of t(x)?
41
Let d be ((-3)/2)/((-1)/2). Let y = 1347 + -1339. Suppose -v = -d*v + y. List the prime factors of v.
2
Let j(g) = g - 26. Let u be j(0). Let b = 49 + 2. Let n = u + b. What are the prime factors of n?
5
Suppose 0 = -0*r - 3*r - 150. Let z = 99 + r. Suppose 3*i - 3 = -p + z, 0 = 3*p + 6. What are the prime factors of i?
2, 3
Let b be 1*(0 - -3) - -3. Suppose -b*s + 9*s = 93. List the prime factors of s.
31
Suppose 0 = -3*j - 2*p - 103 + 35, j = 5*p. Let g = 34 - j. List the prime factors of g.
2, 3
Let g be -24 - (6/21 + (-16)/7). Let b = g + 30. List the prime factors of b.
2
Let a(v) = -2*v + 1. Let o be a(-1). Let w be 5 - o - (-6 - -2). Suppose 2*h + h = 5*z - 61, -2*h + w = 0. What are the prime factors of z?
2, 7
Let h(l) = 4*l**2 + 135*l + 63. List the prime factors of h(-39).
2, 3, 7
Suppose -4*b + 1410 = -754. What are the prime factors of b?
541
Let k = 2550 + 1202. What are the prime factors of k?
2, 7, 67
Suppose 91*h - 73*h = 90630. List the prime factors of h.
5, 19, 53
Let g(k) = -5*k - 10. Let b be g(-5). Suppose 188 = 17*l - b*l. What are the prime factors of l?
2, 47
Suppose 13*m + y = 12*m + 562, -2806 = -5*m - 3*y. What are the prime factors of m?
2, 5, 7
Let f = 8 + -16. Let c(l) = -2*l**2 - 5*l - 1. Let o be c(f). Let j = o + 138. What are the prime factors of j?
7
Let q = -41 + 75. What are the prime factors of q?
2, 17
Let o(k) = -27*k + 13. Let n(p) = 730*p - 350. Let h(u) = -2*n(u) - 55*o(u). What are the prime factors of h(3)?
2, 3, 5
Let v(m) = 3*m**2 + 1. Let c be v(-1). Suppose 19 = c*y - 29. List the prime factors of y.
2, 3
Let s be (-4 - -7)*(-70)/6. Let m = s + 53. What are the prime factors of m?
2, 3
Let d(i) = 2*i**2 + 8*i - 1. Let t be d(5). Suppose 0 = -5*c + 2*m - 262, 3*m + m + 124 = -2*c. Let g = t + c. List the prime factors of g.
5, 7
List the prime factors of ((-136)/(-16))/((-7)/4 - -2).
2, 17
Let j(o) = -3*o - 73. Let r be j(-26). Suppose r*q - 2*i - 1443 = -0*i, 16 = -4*i. What are the prime factors of q?
7, 41
Let u be (-4)/14 + 16/56. Suppose 4*c - h - 15 - 7 = u, 0 = -2*c - h + 14. What are the prime factors of (c/12)/((-3)/(-354))?
59
Suppose -4*q - 24 = 3*a, 4*q + 24 = -5*a + 4*a. Let f be (q - -8)*(1 - 4). Let d(k) = k**3 + 6*k**2 + k + 12. List the prime factors of d(f).
2, 3
Let w(s) = s + 3. Le